CRAN Package Check Results for Package verhoeff

Last updated on 2021-10-25 00:49:30 CEST.

Flavor Version Tinstall Tcheck Ttotal Status Flags
r-devel-linux-x86_64-debian-clang 0.4.0 1.78 22.17 23.95 NOTE
r-devel-linux-x86_64-debian-gcc 0.4.0 1.34 17.64 18.98 NOTE
r-devel-linux-x86_64-fedora-clang 0.4.0 40.06 NOTE
r-devel-linux-x86_64-fedora-gcc 0.4.0 29.81 NOTE
r-devel-windows-x86_64 0.4.0 4.00 31.00 35.00 NOTE
r-devel-windows-x86_64-gcc10-UCRT 0.4.0 NOTE
r-patched-linux-x86_64 0.4.0 1.91 21.78 23.69 NOTE
r-patched-solaris-x86 0.4.0 48.10 NOTE
r-release-linux-x86_64 0.4.0 1.81 21.66 23.47 NOTE
r-release-macos-arm64 0.4.0 NOTE
r-release-macos-x86_64 0.4.0 NOTE
r-release-windows-ix86+x86_64 0.4.0 4.00 44.00 48.00 NOTE
r-oldrel-macos-x86_64 0.4.0 OK
r-oldrel-windows-ix86+x86_64 0.4.0 6.00 45.00 51.00 OK

Check Details

Version: 0.4.0
Check: LazyData
Result: NOTE
     'LazyData' is specified without a 'data' directory
Flavors: r-devel-linux-x86_64-debian-clang, r-devel-linux-x86_64-debian-gcc, r-devel-linux-x86_64-fedora-clang, r-devel-linux-x86_64-fedora-gcc, r-devel-windows-x86_64, r-devel-windows-x86_64-gcc10-UCRT, r-patched-linux-x86_64, r-patched-solaris-x86, r-release-linux-x86_64, r-release-macos-arm64, r-release-macos-x86_64, r-release-windows-ix86+x86_64