CRAN Package Check Results for Package vfinputs

Last updated on 2024-06-15 00:54:21 CEST.

Flavor Version Tinstall Tcheck Ttotal Status Flags
r-devel-linux-x86_64-debian-clang 0.1.0 5.24 43.61 48.85 NOTE
r-devel-linux-x86_64-debian-gcc 0.1.0 3.43 33.36 36.79 NOTE
r-devel-linux-x86_64-fedora-clang 0.1.0 63.21 NOTE
r-devel-linux-x86_64-fedora-gcc 0.1.0 56.25 NOTE
r-devel-windows-x86_64 0.1.0 5.00 53.00 58.00 NOTE
r-patched-linux-x86_64 0.1.0 3.96 41.57 45.53 NOTE
r-release-linux-x86_64 0.1.0 3.95 40.71 44.66 NOTE
r-release-macos-arm64 0.1.0 25.00 NOTE
r-release-macos-x86_64 0.1.0 30.00 NOTE
r-release-windows-x86_64 0.1.0 6.00 54.00 60.00 NOTE
r-oldrel-macos-arm64 0.1.0 22.00 NOTE
r-oldrel-macos-x86_64 0.1.0 33.00 NOTE
r-oldrel-windows-x86_64 0.1.0 8.00 60.00 68.00 NOTE

Check Details

Version: 0.1.0
Check: LazyData
Result: NOTE 'LazyData' is specified without a 'data' directory Flavors: r-devel-linux-x86_64-debian-clang, r-devel-linux-x86_64-debian-gcc, r-devel-linux-x86_64-fedora-clang, r-devel-linux-x86_64-fedora-gcc, r-devel-windows-x86_64, r-patched-linux-x86_64, r-release-linux-x86_64, r-release-macos-arm64, r-release-macos-x86_64, r-release-windows-x86_64, r-oldrel-macos-arm64, r-oldrel-macos-x86_64, r-oldrel-windows-x86_64