Last updated on 2023-06-01 00:59:56 CEST.
Flavor | Version | Tinstall | Tcheck | Ttotal | Status | Flags |
---|---|---|---|---|---|---|
r-devel-linux-x86_64-debian-clang | 0.3.0 | 6.12 | 45.66 | 51.78 | OK | |
r-devel-linux-x86_64-debian-gcc | 0.3.0 | 4.57 | 34.58 | 39.15 | OK | |
r-devel-linux-x86_64-fedora-clang | 0.3.0 | 62.76 | NOTE | |||
r-devel-linux-x86_64-fedora-gcc | 0.3.0 | 58.59 | NOTE | |||
r-devel-windows-x86_64 | 0.3.0 | 8.00 | 54.00 | 62.00 | OK | |
r-patched-linux-x86_64 | 0.3.0 | OK | ||||
r-release-linux-x86_64 | 0.3.0 | 3.30 | 42.64 | 45.94 | OK | |
r-release-macos-arm64 | 0.3.0 | 24.00 | OK | |||
r-release-macos-x86_64 | 0.3.0 | 32.00 | OK | |||
r-release-windows-x86_64 | 0.3.0 | 7.00 | 58.00 | 65.00 | OK | |
r-oldrel-macos-arm64 | 0.3.0 | 23.00 | NOTE | |||
r-oldrel-macos-x86_64 | 0.3.0 | 34.00 | NOTE | |||
r-oldrel-windows-x86_64 | 0.3.0 | 8.00 | 67.00 | 75.00 | OK |
Version: 0.3.0
Check: data for non-ASCII characters
Result: NOTE
Note: found 2 marked UTF-8 strings
Flavors: r-devel-linux-x86_64-fedora-clang, r-devel-linux-x86_64-fedora-gcc, r-oldrel-macos-arm64, r-oldrel-macos-x86_64