CRAN Package Check Results for Package vimpclust

Last updated on 2024-02-23 00:59:45 CET.

Flavor Version Tinstall Tcheck Ttotal Status Flags
r-devel-linux-x86_64-debian-clang 0.1.0 OK
r-devel-linux-x86_64-debian-gcc 0.1.0 4.87 212.29 217.16 OK
r-devel-linux-x86_64-fedora-clang 0.1.0 354.34 NOTE
r-devel-linux-x86_64-fedora-gcc 0.1.0 359.45 NOTE
r-devel-windows-x86_64 0.1.0 7.00 203.00 210.00 OK
r-patched-linux-x86_64 0.1.0 7.34 280.74 288.08 OK
r-release-linux-x86_64 0.1.0 6.28 280.94 287.22 OK
r-release-macos-arm64 0.1.0 105.00 OK
r-release-macos-x86_64 0.1.0 166.00 OK
r-release-windows-x86_64 0.1.0 9.00 274.00 283.00 OK
r-oldrel-macos-arm64 0.1.0 91.00 NOTE
r-oldrel-windows-x86_64 0.1.0 11.00 270.00 281.00 OK

Check Details

Version: 0.1.0
Check: dependencies in R code
Result: NOTE Namespaces in Imports field not imported from: ‘mclust’ ‘rlang’ All declared Imports should be used. Flavors: r-devel-linux-x86_64-fedora-clang, r-devel-linux-x86_64-fedora-gcc, r-oldrel-macos-arm64