CRAN Package Check Results for Package virtuoso

Last updated on 2021-10-21 00:50:04 CEST.

Flavor Version Tinstall Tcheck Ttotal Status Flags
r-devel-linux-x86_64-debian-clang 0.1.6 4.89 52.99 57.88 NOTE
r-devel-linux-x86_64-debian-gcc 0.1.6 3.97 42.39 46.36 NOTE
r-devel-linux-x86_64-fedora-clang 0.1.6 79.39 NOTE
r-devel-linux-x86_64-fedora-gcc 0.1.6 68.71 NOTE
r-devel-windows-x86_64 0.1.6 10.00 70.00 80.00 NOTE
r-devel-windows-x86_64-gcc10-UCRT 0.1.6 NOTE
r-patched-linux-x86_64 0.1.6 5.45 51.25 56.70 NOTE
r-patched-solaris-x86 0.1.6 96.90 NOTE
r-release-linux-x86_64 0.1.6 5.12 51.99 57.11 NOTE
r-release-macos-arm64 0.1.6 NOTE
r-release-macos-x86_64 0.1.6 NOTE
r-release-windows-ix86+x86_64 0.1.6 9.00 104.00 113.00 NOTE
r-oldrel-macos-x86_64 0.1.6 OK
r-oldrel-windows-ix86+x86_64 0.1.6 14.00 117.00 131.00 OK

Check Details

Version: 0.1.6
Check: LazyData
Result: NOTE
     'LazyData' is specified without a 'data' directory
Flavors: r-devel-linux-x86_64-debian-clang, r-devel-linux-x86_64-debian-gcc, r-devel-linux-x86_64-fedora-clang, r-devel-linux-x86_64-fedora-gcc, r-devel-windows-x86_64, r-devel-windows-x86_64-gcc10-UCRT, r-patched-linux-x86_64, r-patched-solaris-x86, r-release-linux-x86_64, r-release-macos-arm64, r-release-macos-x86_64, r-release-windows-ix86+x86_64