CRAN Package Check Results for Package visTree

Last updated on 2024-06-20 00:59:51 CEST.

Flavor Version Tinstall Tcheck Ttotal Status Flags
r-devel-linux-x86_64-debian-clang 0.8.1 8.72 101.33 110.05 OK
r-devel-linux-x86_64-debian-gcc 0.8.1 6.14 75.65 81.79 OK
r-devel-linux-x86_64-fedora-clang 0.8.1 138.53 NOTE
r-devel-linux-x86_64-fedora-gcc 0.8.1 144.43 NOTE
r-devel-windows-x86_64 0.8.1 8.00 86.00 94.00 OK
r-patched-linux-x86_64 0.8.1 7.80 97.14 104.94 OK
r-release-linux-x86_64 0.8.1 6.42 95.14 101.56 OK
r-release-macos-arm64 0.8.1 42.00 OK
r-release-macos-x86_64 0.8.1 66.00 OK
r-release-windows-x86_64 0.8.1 7.00 89.00 96.00 OK
r-oldrel-macos-arm64 0.8.1 47.00 OK
r-oldrel-macos-x86_64 0.8.1 75.00 OK
r-oldrel-windows-x86_64 0.8.1 9.00 100.00 109.00 OK

Check Details

Version: 0.8.1
Check: dependencies in R code
Result: NOTE Namespace in Imports field not imported from: ‘rpart’ All declared Imports should be used. Flavors: r-devel-linux-x86_64-fedora-clang, r-devel-linux-x86_64-fedora-gcc