CRAN Package Check Results for Package visvow

Last updated on 2021-10-28 00:49:03 CEST.

Flavor Version Tinstall Tcheck Ttotal Status Flags
r-devel-linux-x86_64-debian-clang 1.3.3 23.17 164.18 187.35 OK
r-devel-linux-x86_64-debian-gcc 1.3.3 18.61 120.91 139.52 OK
r-devel-linux-x86_64-fedora-clang 1.3.3 239.70 NOTE
r-devel-linux-x86_64-fedora-gcc 1.3.3 225.64 OK
r-devel-windows-x86_64 1.3.3 30.00 132.00 162.00 OK
r-devel-windows-x86_64-gcc10-UCRT 1.3.3 OK
r-patched-linux-x86_64 1.3.3 23.07 159.59 182.66 OK
r-patched-solaris-x86 1.3.3 290.20 OK
r-release-linux-x86_64 1.3.3 22.26 159.63 181.89 OK
r-release-macos-arm64 1.3.3 OK
r-release-macos-x86_64 1.3.3 OK
r-release-windows-ix86+x86_64 1.3.3 29.00 176.00 205.00 OK
r-oldrel-macos-x86_64 1.3.3 OK
r-oldrel-windows-ix86+x86_64 1.3.3 29.00 180.00 209.00 OK

Check Details

Version: 1.3.3
Check: package dependencies
Result: NOTE
    Imports includes 23 non-default packages.
    Importing from so many packages makes the package vulnerable to any of
    them becoming unavailable. Move as many as possible to Suggests and
    use conditionally.
Flavor: r-devel-linux-x86_64-fedora-clang