CRAN Package Check Results for Package vitae

Last updated on 2023-10-03 01:05:08 CEST.

Flavor Version Tinstall Tcheck Ttotal Status Flags
r-devel-linux-x86_64-debian-clang 0.5.3 5.86 56.42 62.28 NOTE
r-devel-linux-x86_64-debian-gcc 0.5.3 4.40 42.43 46.83 NOTE
r-devel-linux-x86_64-fedora-clang 0.5.3 77.16 NOTE
r-devel-linux-x86_64-fedora-gcc 0.5.3 86.34 NOTE
r-devel-windows-x86_64 0.5.3 9.00 68.00 77.00 NOTE
r-patched-linux-x86_64 0.5.3 7.16 54.21 61.37 OK
r-release-linux-x86_64 0.5.3 4.60 53.82 58.42 OK
r-release-macos-arm64 0.5.3 36.00 OK
r-release-macos-x86_64 0.5.3 53.00 OK
r-release-windows-x86_64 0.5.3 10.00 73.00 83.00 OK
r-oldrel-macos-arm64 0.5.3 28.00 OK
r-oldrel-macos-x86_64 0.5.3 39.00 OK
r-oldrel-windows-x86_64 0.5.3 9.00 76.00 85.00 OK

Check Details

Version: 0.5.3
Check: Rd \usage sections
Result: NOTE
    Documented arguments not in \usage in documentation object 'insert_preview':
     ‘input’
    
    Functions with \usage entries need to have the appropriate \alias
    entries, and all their arguments documented.
    The \usage entries must correspond to syntactically valid R code.
    See chapter ‘Writing R documentation files’ in the ‘Writing R
    Extensions’ manual.
Flavors: r-devel-linux-x86_64-debian-clang, r-devel-linux-x86_64-debian-gcc, r-devel-linux-x86_64-fedora-clang, r-devel-linux-x86_64-fedora-gcc, r-devel-windows-x86_64