CRAN Package Check Results for Package vizdraws

Last updated on 2021-10-27 00:51:23 CEST.

Flavor Version Tinstall Tcheck Ttotal Status Flags
r-devel-linux-x86_64-debian-clang 1.1 2.12 24.05 26.17 NOTE
r-devel-linux-x86_64-debian-gcc 1.1 1.74 19.15 20.89 NOTE
r-devel-linux-x86_64-fedora-clang 1.1 45.18 NOTE
r-devel-linux-x86_64-fedora-gcc 1.1 32.40 NOTE
r-devel-windows-x86_64 1.1 5.00 34.00 39.00 NOTE
r-devel-windows-x86_64-gcc10-UCRT 1.1 NOTE
r-patched-linux-x86_64 1.1 2.23 23.99 26.22 NOTE
r-patched-solaris-x86 1.1 53.20 NOTE
r-release-linux-x86_64 1.1 1.99 23.85 25.84 NOTE
r-release-macos-arm64 1.1 NOTE
r-release-macos-x86_64 1.1 WARN
r-release-windows-ix86+x86_64 1.1 5.00 41.00 46.00 NOTE
r-oldrel-macos-x86_64 1.1 WARN
r-oldrel-windows-ix86+x86_64 1.1 5.00 45.00 50.00 OK

Check Details

Version: 1.1
Check: LazyData
Result: NOTE
     'LazyData' is specified without a 'data' directory
Flavors: r-devel-linux-x86_64-debian-clang, r-devel-linux-x86_64-debian-gcc, r-devel-linux-x86_64-fedora-clang, r-devel-linux-x86_64-fedora-gcc, r-devel-windows-x86_64, r-devel-windows-x86_64-gcc10-UCRT, r-patched-linux-x86_64, r-patched-solaris-x86, r-release-linux-x86_64, r-release-macos-arm64, r-release-macos-x86_64, r-release-windows-ix86+x86_64

Version: 1.1
Check: dependencies in R code
Result: NOTE
    Namespaces in Imports field not imported from:
     ‘glue’ ‘tidyr’
     All declared Imports should be used.
Flavors: r-devel-linux-x86_64-fedora-clang, r-devel-linux-x86_64-fedora-gcc, r-devel-windows-x86_64-gcc10-UCRT, r-patched-solaris-x86, r-release-macos-arm64, r-release-macos-x86_64, r-oldrel-macos-x86_64

Version: 1.1
Check: re-building of vignette outputs
Result: WARN
    Error(s) in re-building vignettes:
     ...
    --- re-building ‘introduction.Rmd’ using rmarkdown
    Warning in engine$weave(file, quiet = quiet, encoding = enc) :
     Pandoc (>= 1.12.3) not available. Falling back to R Markdown v1.
    --- finished re-building ‘introduction.Rmd’
    
    --- re-building ‘shiny-example.Rmd’ using rmarkdown
    Warning in engine$weave(file, quiet = quiet, encoding = enc) :
     Pandoc (>= 1.12.3) not available. Falling back to R Markdown v1.
    Quitting from lines 61-63 (shiny-example.Rmd)
    Error: processing vignette 'shiny-example.Rmd' failed with diagnostics:
    invalid 'path' argument
    --- failed re-building ‘shiny-example.Rmd’
    
    SUMMARY: processing the following file failed:
     ‘shiny-example.Rmd’
    
    Error: Vignette re-building failed.
    Execution halted
Flavor: r-release-macos-x86_64

Version: 1.1
Check: re-building of vignette outputs
Result: WARN
    Error(s) in re-building vignettes:
     ...
    --- re-building ‘introduction.Rmd’ using rmarkdown
    Warning in engine$weave(file, quiet = quiet, encoding = enc) :
     Pandoc (>= 1.12.3) and/or pandoc-citeproc not available. Falling back to R Markdown v1.
    --- finished re-building ‘introduction.Rmd’
    
    --- re-building ‘shiny-example.Rmd’ using rmarkdown
    Warning in engine$weave(file, quiet = quiet, encoding = enc) :
     Pandoc (>= 1.12.3) and/or pandoc-citeproc not available. Falling back to R Markdown v1.
    Quitting from lines 61-63 (shiny-example.Rmd)
    Error: processing vignette 'shiny-example.Rmd' failed with diagnostics:
    cannot open the connection
    --- failed re-building ‘shiny-example.Rmd’
    
    SUMMARY: processing the following file failed:
     ‘shiny-example.Rmd’
    
    Error: Vignette re-building failed.
    Execution halted
Flavor: r-oldrel-macos-x86_64