CRAN Package Check Results for Package vows

Last updated on 2021-10-16 00:49:35 CEST.

Flavor Version Tinstall Tcheck Ttotal Status Flags
r-devel-linux-x86_64-debian-clang 0.5 10.43 99.99 110.42 OK
r-devel-linux-x86_64-debian-gcc 0.5 9.62 77.77 87.39 OK
r-devel-linux-x86_64-fedora-clang 0.5 144.14 NOTE
r-devel-linux-x86_64-fedora-gcc 0.5 133.84 OK
r-devel-windows-x86_64 0.5 23.00 92.00 115.00 OK
r-devel-windows-x86_64-gcc10-UCRT 0.5 OK
r-patched-linux-x86_64 0.5 16.03 97.28 113.31 OK
r-patched-solaris-x86 0.5 202.60 OK
r-release-linux-x86_64 0.5 10.21 97.47 107.68 OK
r-release-macos-arm64 0.5 OK
r-release-macos-x86_64 0.5 OK
r-release-windows-ix86+x86_64 0.5 27.00 132.00 159.00 OK
r-oldrel-macos-x86_64 0.5 OK
r-oldrel-windows-ix86+x86_64 0.5 28.00 131.00 159.00 OK

Check Details

Version: 0.5
Check: Rd cross-references
Result: NOTE
    Undeclared package ‘lme4’ in Rd xrefs
Flavor: r-devel-linux-x86_64-fedora-clang