CRAN Package Check Results for Package walkboutr

Last updated on 2024-04-18 01:03:23 CEST.

Flavor Version Tinstall Tcheck Ttotal Status Flags
r-devel-linux-x86_64-debian-clang 0.6.0 3.06 95.51 98.57 OK
r-devel-linux-x86_64-debian-gcc 0.6.0 2.82 75.31 78.13 OK
r-devel-linux-x86_64-fedora-clang 0.6.0 127.86 OK
r-devel-linux-x86_64-fedora-gcc 0.6.0 138.16 OK
r-prerel-macos-arm64 0.6.0 47.00 OK
r-prerel-macos-x86_64 0.6.0 107.00 OK
r-prerel-windows-x86_64 0.6.0 5.00 113.00 118.00 OK
r-patched-linux-x86_64 0.6.0 3.87 93.01 96.88 OK
r-release-linux-x86_64 0.6.0 2.25 91.95 94.20 OK
r-release-macos-arm64 0.6.0 61.00 OK
r-release-macos-x86_64 0.6.0 95.00 OK
r-release-windows-x86_64 0.6.0 7.00 130.00 137.00 OK
r-oldrel-macos-arm64 0.5.0 35.00 ERROR
r-oldrel-windows-x86_64 0.5.0 8.00 80.00 88.00 ERROR

Check Details

Version: 0.5.0
Check: re-building of vignette outputs
Result: ERROR Error(s) in re-building vignettes: ... --- re-building ‘changing_default_parameters.Rmd’ using rmarkdown --- finished re-building ‘changing_default_parameters.Rmd’ --- re-building ‘generate_data.Rmd’ using rmarkdown --- finished re-building ‘generate_data.Rmd’ --- re-building ‘process_bouts.Rmd’ using rmarkdown Quitting from lines 68-71 [unnamed-chunk-2] (process_bouts.Rmd) Error: processing vignette 'process_bouts.Rmd' failed with diagnostics: 'origin' must be supplied --- failed re-building ‘process_bouts.Rmd’ SUMMARY: processing the following file failed: ‘process_bouts.Rmd’ Error: Vignette re-building failed. Execution halted Flavor: r-oldrel-macos-arm64

Version: 0.5.0
Check: re-building of vignette outputs
Result: ERROR Error(s) in re-building vignettes: --- re-building 'changing_default_parameters.Rmd' using rmarkdown --- finished re-building 'changing_default_parameters.Rmd' --- re-building 'generate_data.Rmd' using rmarkdown --- finished re-building 'generate_data.Rmd' --- re-building 'process_bouts.Rmd' using rmarkdown Quitting from lines 68-71 [unnamed-chunk-2] (process_bouts.Rmd) Error: processing vignette 'process_bouts.Rmd' failed with diagnostics: 'origin' must be supplied --- failed re-building 'process_bouts.Rmd' SUMMARY: processing the following file failed: 'process_bouts.Rmd' Error: Vignette re-building failed. Execution halted Flavor: r-oldrel-windows-x86_64