CRAN Package Check Results for Package wallace

Last updated on 2021-10-23 00:49:13 CEST.

Flavor Version Tinstall Tcheck Ttotal Status Flags
r-devel-linux-x86_64-debian-clang 1.1.0 4.15 31.93 36.08 OK
r-devel-linux-x86_64-debian-gcc 1.1.0 3.20 25.55 28.75 OK
r-devel-linux-x86_64-fedora-clang 1.1.0 53.62 NOTE
r-devel-linux-x86_64-fedora-gcc 1.1.0 43.09 NOTE
r-devel-windows-x86_64 1.1.0 8.00 40.00 48.00 OK
r-devel-windows-x86_64-gcc10-UCRT 1.1.0 NOTE
r-patched-linux-x86_64 1.1.0 4.12 32.14 36.26 OK
r-patched-solaris-x86 1.1.0 70.00 NOTE
r-release-linux-x86_64 1.1.0 3.70 31.97 35.67 OK
r-release-macos-arm64 1.1.0 NOTE
r-release-macos-x86_64 1.1.0 NOTE
r-release-windows-ix86+x86_64 1.1.0 10.00 56.00 66.00 OK
r-oldrel-macos-x86_64 1.1.0 NOTE
r-oldrel-windows-ix86+x86_64 1.1.0 12.00 54.00 66.00 OK

Check Details

Version: 1.1.0
Check: dependencies in R code
Result: NOTE
    Namespaces in Imports field not imported from:
     ‘DT’ ‘ENMeval’ ‘RColorBrewer’ ‘dismo’ ‘dplyr’ ‘jsonlite’
     ‘leaflet.extras’ ‘raster’ ‘rgdal’ ‘rgeos’ ‘rmarkdown’ ‘shinyjs’
     ‘shinythemes’ ‘sp’ ‘spThin’ ‘spocc’ ‘zip’
     All declared Imports should be used.
Flavors: r-devel-linux-x86_64-fedora-clang, r-devel-linux-x86_64-fedora-gcc, r-devel-windows-x86_64-gcc10-UCRT, r-patched-solaris-x86, r-release-macos-arm64, r-release-macos-x86_64, r-oldrel-macos-x86_64