CRAN Package Check Results for Package warp

Last updated on 2021-10-19 00:49:36 CEST.

Flavor Version Tinstall Tcheck Ttotal Status Flags
r-devel-linux-x86_64-debian-clang 0.2.0 4.95 50.96 55.91 NOTE
r-devel-linux-x86_64-debian-gcc 0.2.0 3.04 41.44 44.48 NOTE
r-devel-linux-x86_64-fedora-clang 0.2.0 79.07 NOTE
r-devel-linux-x86_64-fedora-gcc 0.2.0 68.72 NOTE
r-devel-windows-x86_64 0.2.0 10.00 64.00 74.00 NOTE
r-devel-windows-x86_64-gcc10-UCRT 0.2.0 NOTE
r-patched-linux-x86_64 0.2.0 4.47 49.55 54.02 NOTE
r-patched-solaris-x86 0.2.0 149.30 NOTE
r-release-linux-x86_64 0.2.0 3.98 49.98 53.96 NOTE
r-release-macos-arm64 0.2.0 NOTE
r-release-macos-x86_64 0.2.0 NOTE
r-release-windows-ix86+x86_64 0.2.0 16.00 121.00 137.00 NOTE
r-oldrel-macos-x86_64 0.2.0 OK
r-oldrel-windows-ix86+x86_64 0.2.0 18.00 120.00 138.00 OK

Check Details

Version: 0.2.0
Check: LazyData
Result: NOTE
     'LazyData' is specified without a 'data' directory
Flavors: r-devel-linux-x86_64-debian-clang, r-devel-linux-x86_64-debian-gcc, r-devel-linux-x86_64-fedora-clang, r-devel-linux-x86_64-fedora-gcc, r-devel-windows-x86_64, r-devel-windows-x86_64-gcc10-UCRT, r-patched-linux-x86_64, r-patched-solaris-x86, r-release-linux-x86_64, r-release-macos-arm64, r-release-macos-x86_64, r-release-windows-ix86+x86_64