Last updated on 2023-10-05 01:01:59 CEST.
Flavor | Version | Tinstall | Tcheck | Ttotal | Status | Flags |
---|---|---|---|---|---|---|
r-devel-linux-x86_64-debian-clang | 1.1.0 | 1.77 | 221.96 | 223.73 | NOTE | |
r-devel-linux-x86_64-debian-gcc | 1.1.0 | 1.82 | 152.44 | 154.26 | NOTE | |
r-devel-linux-x86_64-fedora-clang | 1.1.0 | 267.74 | NOTE | |||
r-devel-linux-x86_64-fedora-gcc | 1.1.0 | 277.16 | NOTE | |||
r-devel-windows-x86_64 | 1.1.0 | 4.00 | 192.00 | 196.00 | NOTE | |
r-patched-linux-x86_64 | 1.1.0 | 2.53 | 213.59 | 216.12 | NOTE | |
r-release-linux-x86_64 | 1.1.0 | 2.48 | 216.92 | 219.40 | NOTE | |
r-release-macos-arm64 | 1.1.0 | 79.00 | NOTE | |||
r-release-macos-x86_64 | 1.1.0 | 128.00 | NOTE | |||
r-release-windows-x86_64 | 1.1.0 | 4.00 | 207.00 | 211.00 | NOTE | |
r-oldrel-macos-arm64 | 1.1.0 | 62.00 | NOTE | |||
r-oldrel-macos-x86_64 | 1.1.0 | 86.00 | NOTE | |||
r-oldrel-windows-x86_64 | 1.1.0 | 4.00 | 208.00 | 212.00 | NOTE |
Version: 1.1.0
Check: LazyData
Result: NOTE
'LazyData' is specified without a 'data' directory
Flavors: r-devel-linux-x86_64-debian-clang, r-devel-linux-x86_64-debian-gcc, r-devel-linux-x86_64-fedora-clang, r-devel-linux-x86_64-fedora-gcc, r-devel-windows-x86_64, r-patched-linux-x86_64, r-release-linux-x86_64, r-release-macos-arm64, r-release-macos-x86_64, r-release-windows-x86_64, r-oldrel-macos-arm64, r-oldrel-macos-x86_64, r-oldrel-windows-x86_64