Last updated on 2023-12-03 00:57:02 CET.
Flavor | Version | Tinstall | Tcheck | Ttotal | Status | Flags |
---|---|---|---|---|---|---|
r-devel-linux-x86_64-debian-clang | 0.5.1 | 8.12 | 598.54 | 606.66 | OK | |
r-devel-linux-x86_64-debian-gcc | 0.5.1 | 5.95 | 440.21 | 446.16 | OK | |
r-devel-linux-x86_64-fedora-clang | 0.5.1 | 736.23 | NOTE | |||
r-devel-linux-x86_64-fedora-gcc | 0.5.1 | 773.90 | NOTE | |||
r-devel-windows-x86_64 | 0.5.1 | 10.00 | 348.00 | 358.00 | OK | |
r-patched-linux-x86_64 | 0.5.1 | 6.19 | 577.60 | 583.79 | OK | |
r-release-linux-x86_64 | 0.5.1 | 5.10 | 586.20 | 591.30 | OK | |
r-release-macos-arm64 | 0.5.1 | 231.00 | OK | |||
r-release-macos-x86_64 | 0.5.1 | 350.00 | OK | |||
r-release-windows-x86_64 | 0.5.1 | 12.00 | 425.00 | 437.00 | OK | |
r-oldrel-macos-arm64 | 0.5.1 | 215.00 | OK | |||
r-oldrel-macos-x86_64 | 0.5.0 | 234.00 | OK | |||
r-oldrel-windows-x86_64 | 0.5.1 | 10.00 | 409.00 | 419.00 | OK |
Version: 0.5.1
Check: data for non-ASCII characters
Result: NOTE
Note: found 1 marked UTF-8 string
Flavors: r-devel-linux-x86_64-fedora-clang, r-devel-linux-x86_64-fedora-gcc