Last updated on 2023-10-05 01:01:59 CEST.
Flavor | Version | Tinstall | Tcheck | Ttotal | Status | Flags |
---|---|---|---|---|---|---|
r-devel-linux-x86_64-debian-clang | 0.8.1 | 36.28 | 276.85 | 313.13 | NOTE | |
r-devel-linux-x86_64-debian-gcc | 0.8.1 | 26.38 | 201.19 | 227.57 | NOTE | |
r-devel-linux-x86_64-fedora-clang | 0.8.1 | 379.70 | NOTE | |||
r-devel-linux-x86_64-fedora-gcc | 0.8.1 | 365.68 | NOTE | |||
r-devel-windows-x86_64 | 0.8.1 | 30.00 | 195.00 | 225.00 | NOTE | |
r-patched-linux-x86_64 | 0.8.1 | 24.56 | 255.64 | 280.20 | NOTE | |
r-release-linux-x86_64 | 0.8.1 | 22.40 | 256.75 | 279.15 | NOTE | |
r-release-macos-arm64 | 0.8.1 | 63.00 | NOTE | |||
r-release-macos-x86_64 | 0.8.1 | 102.00 | NOTE | |||
r-release-windows-x86_64 | 0.8.1 | 38.00 | 245.00 | 283.00 | NOTE | |
r-oldrel-macos-arm64 | 0.8.1 | 58.00 | OK | |||
r-oldrel-macos-x86_64 | 0.8.1 | 100.00 | OK | |||
r-oldrel-windows-x86_64 | 0.8.1 | 38.00 | 238.00 | 276.00 | OK |
Version: 0.8.1
Check: package subdirectories
Result: NOTE
Problems with news in ‘NEWS.md’:
No news entries found.
Flavors: r-devel-linux-x86_64-debian-clang, r-devel-linux-x86_64-debian-gcc, r-devel-linux-x86_64-fedora-clang, r-devel-linux-x86_64-fedora-gcc, r-devel-windows-x86_64, r-patched-linux-x86_64, r-release-linux-x86_64, r-release-macos-arm64, r-release-macos-x86_64, r-release-windows-x86_64