Last updated on 2023-12-01 00:52:15 CET.
Flavor | Version | Tinstall | Tcheck | Ttotal | Status | Flags |
---|---|---|---|---|---|---|
r-devel-linux-x86_64-debian-clang | 1.3.0 | 9.84 | 73.28 | 83.12 | NOTE | |
r-devel-linux-x86_64-debian-gcc | 1.3.0 | 7.28 | 53.72 | 61.00 | NOTE | |
r-devel-linux-x86_64-fedora-clang | 1.3.0 | 107.87 | OK | |||
r-devel-linux-x86_64-fedora-gcc | 1.3.0 | 107.68 | OK | |||
r-devel-windows-x86_64 | 1.3.0 | 10.00 | 82.00 | 92.00 | OK | |
r-patched-linux-x86_64 | 1.3.0 | 7.87 | 68.02 | 75.89 | OK | |
r-release-linux-x86_64 | 1.3.0 | 9.85 | 67.89 | 77.74 | OK | |
r-release-macos-arm64 | 1.3.0 | 122.00 | OK | |||
r-release-macos-x86_64 | 1.3.0 | 69.00 | OK | |||
r-release-windows-x86_64 | 1.3.0 | 12.00 | 92.00 | 104.00 | OK | |
r-oldrel-macos-arm64 | 1.3.0 | 37.00 | OK | |||
r-oldrel-macos-x86_64 | 1.3.0 | 46.00 | OK | |||
r-oldrel-windows-x86_64 | 1.3.0 | 12.00 | 85.00 | 97.00 | OK |
Version: 1.3.0
Check: Rd files
Result: NOTE
checkRd: (-1) get_cid.Rd:58-59: Lost braces
58 | <structure search> is assembled as "{\code{substructure} |
| ^
checkRd: (-1) get_cid.Rd:59-60: Lost braces
59 | \code{superstructure} | \code{similarity} | \code{identity}} / {\code{smiles}
| ^
checkRd: (-1) get_cid.Rd:70-71: Lost braces
70 | "{\code{fastidentity} | \code{fastsimilarity_2d} | \code{fastsimilarity_3d} |
| ^
checkRd: (-1) get_cid.Rd:71-72: Lost braces
71 | \code{fastsubstructure} | \code{fastsuperstructure}}/{\code{smiles} |
| ^
Flavors: r-devel-linux-x86_64-debian-clang, r-devel-linux-x86_64-debian-gcc