CRAN Package Check Results for Package webmockr

Last updated on 2021-08-01 00:50:56 CEST.

Flavor Version Tinstall Tcheck Ttotal Status Flags
r-devel-linux-x86_64-debian-clang 0.8.0 15.16 50.02 65.18 NOTE
r-devel-linux-x86_64-debian-gcc 0.8.0 11.82 38.22 50.04 NOTE
r-devel-linux-x86_64-fedora-clang 0.8.0 89.09 NOTE
r-devel-linux-x86_64-fedora-gcc 0.8.0 77.66 NOTE
r-devel-windows-x86_64 0.8.0 15.00 71.00 86.00 NOTE
r-devel-windows-x86_64-gcc10-UCRT 0.8.0 NOTE
r-patched-linux-x86_64 0.8.0 NOTE
r-patched-solaris-x86 0.8.0 103.20 NOTE
r-release-linux-x86_64 0.8.0 12.90 48.13 61.03 NOTE
r-release-macos-arm64 0.8.0 NOTE
r-release-macos-x86_64 0.8.0 NOTE
r-release-windows-ix86+x86_64 0.8.0 24.00 52.00 76.00 NOTE
r-oldrel-macos-x86_64 0.8.0 OK
r-oldrel-windows-ix86+x86_64 0.8.0 18.00 71.00 89.00 OK

Check Details

Version: 0.8.0
Check: LazyData
Result: NOTE
     'LazyData' is specified without a 'data' directory
Flavors: r-devel-linux-x86_64-debian-clang, r-devel-linux-x86_64-debian-gcc, r-devel-linux-x86_64-fedora-clang, r-devel-linux-x86_64-fedora-gcc, r-devel-windows-x86_64, r-devel-windows-x86_64-gcc10-UCRT, r-patched-linux-x86_64, r-patched-solaris-x86, r-release-linux-x86_64, r-release-macos-arm64, r-release-macos-x86_64, r-release-windows-ix86+x86_64