Last updated on 2023-06-10 00:55:01 CEST.
Flavor | Version | Tinstall | Tcheck | Ttotal | Status | Flags |
---|---|---|---|---|---|---|
r-devel-linux-x86_64-debian-clang | 0.1.5 | 15.05 | 142.34 | 157.39 | NOTE | |
r-devel-linux-x86_64-debian-gcc | 0.1.5 | 12.21 | 106.88 | 119.09 | NOTE | |
r-devel-linux-x86_64-fedora-clang | 0.1.5 | 192.16 | NOTE | |||
r-devel-linux-x86_64-fedora-gcc | 0.1.5 | 194.47 | NOTE | |||
r-devel-windows-x86_64 | 0.1.5 | 16.00 | 126.00 | 142.00 | NOTE | |
r-patched-linux-x86_64 | 0.1.5 | 14.71 | 133.27 | 147.98 | NOTE | |
r-release-linux-x86_64 | 0.1.5 | 10.12 | 132.93 | 143.05 | NOTE | |
r-release-macos-arm64 | 0.1.5 | 63.00 | NOTE | |||
r-release-macos-x86_64 | 0.1.5 | 101.00 | NOTE | |||
r-release-windows-x86_64 | 0.1.5 | 19.00 | 150.00 | 169.00 | NOTE | |
r-oldrel-macos-arm64 | 0.1.5 | 52.00 | NOTE | |||
r-oldrel-macos-x86_64 | 0.1.5 | 87.00 | NOTE | |||
r-oldrel-windows-x86_64 | 0.1.5 | 18.00 | 165.00 | 183.00 | NOTE |
Version: 0.1.5
Check: LazyData
Result: NOTE
'LazyData' is specified without a 'data' directory
Flavors: r-devel-linux-x86_64-debian-clang, r-devel-linux-x86_64-debian-gcc, r-devel-linux-x86_64-fedora-clang, r-devel-linux-x86_64-fedora-gcc, r-devel-windows-x86_64, r-patched-linux-x86_64, r-release-linux-x86_64, r-release-macos-arm64, r-release-macos-x86_64, r-release-windows-x86_64, r-oldrel-macos-arm64, r-oldrel-macos-x86_64, r-oldrel-windows-x86_64
Version: 0.1.5
Check: dependencies in R code
Result: NOTE
Namespaces in Imports field not imported from:
‘shiny’ ‘tidyselect’
All declared Imports should be used.
Flavors: r-devel-linux-x86_64-fedora-clang, r-devel-linux-x86_64-fedora-gcc, r-oldrel-macos-arm64, r-oldrel-macos-x86_64