Last updated on 2023-06-09 00:54:38 CEST.
Flavor | Version | Tinstall | Tcheck | Ttotal | Status | Flags |
---|---|---|---|---|---|---|
r-devel-linux-x86_64-debian-clang | 0.5.4 | 3.01 | 27.03 | 30.04 | OK | |
r-devel-linux-x86_64-debian-gcc | 0.5.4 | 2.22 | 20.97 | 23.19 | OK | |
r-devel-linux-x86_64-fedora-clang | 0.5.4 | 37.78 | OK | |||
r-devel-linux-x86_64-fedora-gcc | 0.5.4 | 35.38 | OK | |||
r-devel-windows-x86_64 | 0.5.4 | 4.00 | 46.00 | 50.00 | OK | --no-vignettes |
r-patched-linux-x86_64 | 0.5.4 | 1.91 | 25.90 | 27.81 | OK | |
r-release-linux-x86_64 | 0.5.4 | 2.65 | 26.17 | 28.82 | OK | |
r-release-macos-arm64 | 0.5.4 | 19.00 | NOTE | |||
r-release-macos-x86_64 | 0.5.4 | 22.00 | OK | |||
r-release-windows-x86_64 | 0.5.4 | 4.00 | 50.00 | 54.00 | OK | --no-vignettes |
r-oldrel-macos-arm64 | 0.5.4 | 17.00 | OK | |||
r-oldrel-macos-x86_64 | 0.5.4 | 23.00 | OK | |||
r-oldrel-windows-x86_64 | 0.5.4 | 5.00 | 62.00 | 67.00 | OK | --no-vignettes |
Version: 0.5.4
Check: package dependencies
Result: NOTE
Package suggested but not available for checking: ‘httpuv’
Flavor: r-release-macos-arm64