CRAN Package Check Results for Package websocket

Last updated on 2023-06-01 00:59:56 CEST.

Flavor Version Tinstall Tcheck Ttotal Status Flags
r-devel-linux-x86_64-debian-clang 1.4.1 79.93 36.83 116.76 NOTE
r-devel-linux-x86_64-debian-gcc 1.4.1 70.34 28.99 99.33 NOTE
r-devel-linux-x86_64-fedora-clang 1.4.1 165.86 NOTE
r-devel-linux-x86_64-fedora-gcc 1.4.1 197.90 NOTE
r-devel-windows-x86_64 1.4.1 134.00 122.00 256.00 NOTE
r-patched-linux-x86_64 1.4.1 NOTE
r-release-linux-x86_64 1.4.1 75.25 35.78 111.03 NOTE
r-release-macos-arm64 1.4.1 72.00 NOTE
r-release-macos-x86_64 1.4.1 108.00 NOTE
r-release-windows-x86_64 1.4.1 174.00 157.00 331.00 NOTE
r-oldrel-macos-arm64 1.4.1 67.00 NOTE
r-oldrel-macos-x86_64 1.4.1 80.00 NOTE
r-oldrel-windows-x86_64 1.4.1 166.00 120.00 286.00 NOTE

Check Details

Version: 1.4.1
Check: C++ specification
Result: NOTE
     Specified C++11: please drop specification unless essential
Flavors: r-devel-linux-x86_64-debian-clang, r-devel-linux-x86_64-debian-gcc, r-devel-linux-x86_64-fedora-clang, r-devel-linux-x86_64-fedora-gcc, r-devel-windows-x86_64, r-patched-linux-x86_64, r-release-linux-x86_64, r-release-macos-arm64, r-release-macos-x86_64, r-release-windows-x86_64

Version: 1.4.1
Check: for GNU extensions in Makefiles
Result: NOTE
    GNU make is a SystemRequirements.
Flavors: r-devel-linux-x86_64-debian-clang, r-devel-linux-x86_64-debian-gcc, r-devel-linux-x86_64-fedora-clang, r-devel-linux-x86_64-fedora-gcc, r-devel-windows-x86_64, r-patched-linux-x86_64, r-release-linux-x86_64, r-release-macos-arm64, r-release-macos-x86_64, r-release-windows-x86_64, r-oldrel-macos-arm64, r-oldrel-macos-x86_64, r-oldrel-windows-x86_64

Version: 1.4.1
Check: installed package size
Result: NOTE
     installed size is 6.1Mb
     sub-directories of 1Mb or more:
     libs 6.0Mb
Flavors: r-devel-windows-x86_64, r-release-macos-arm64, r-release-macos-x86_64, r-release-windows-x86_64, r-oldrel-macos-arm64, r-oldrel-macos-x86_64, r-oldrel-windows-x86_64