CRAN Package Check Results for Package weibullness

Last updated on 2024-07-16 00:56:15 CEST.

Flavor Version Tinstall Tcheck Ttotal Status Flags
r-devel-linux-x86_64-debian-clang 1.24.1 20.83 39.58 60.41 OK
r-devel-linux-x86_64-debian-gcc 1.24.1 16.40 29.33 45.73 OK
r-devel-linux-x86_64-fedora-clang 1.24.1 76.39 NOTE
r-devel-linux-x86_64-fedora-gcc 1.24.1 74.25 NOTE
r-devel-windows-x86_64 1.24.1 19.00 63.00 82.00 OK
r-patched-linux-x86_64 1.24.1 18.79 37.36 56.15 OK
r-release-linux-x86_64 1.24.1 19.38 36.45 55.83 OK
r-release-macos-arm64 1.24.1 36.00 OK
r-release-macos-x86_64 1.24.1 46.00 OK
r-release-windows-x86_64 1.24.1 19.00 61.00 80.00 OK
r-oldrel-macos-arm64 1.24.1 34.00 OK
r-oldrel-macos-x86_64 1.24.1 57.00 OK
r-oldrel-windows-x86_64 1.24.1 18.00 60.00 78.00 OK

Check Details

Version: 1.24.1
Check: dependencies in R code
Result: NOTE Namespace in Imports field not imported from: ‘methods’ All declared Imports should be used. Flavors: r-devel-linux-x86_64-fedora-clang, r-devel-linux-x86_64-fedora-gcc