Last updated on 2023-10-04 00:58:41 CEST.
Flavor | Version | Tinstall | Tcheck | Ttotal | Status | Flags |
---|---|---|---|---|---|---|
r-devel-linux-x86_64-debian-clang | 0.5 | 7.79 | 60.66 | 68.45 | OK | |
r-devel-linux-x86_64-debian-gcc | 0.5 | 6.17 | 45.53 | 51.70 | OK | |
r-devel-linux-x86_64-fedora-clang | 0.5 | 86.98 | NOTE | |||
r-devel-linux-x86_64-fedora-gcc | 0.5 | 81.72 | NOTE | |||
r-devel-windows-x86_64 | 0.5 | 12.00 | 68.00 | 80.00 | OK | |
r-patched-linux-x86_64 | 0.5 | 7.78 | 57.67 | 65.45 | OK | |
r-release-linux-x86_64 | 0.5 | 7.26 | 58.21 | 65.47 | OK | |
r-release-macos-arm64 | 0.5 | 32.00 | OK | |||
r-release-macos-x86_64 | 0.5 | 42.00 | OK | |||
r-release-windows-x86_64 | 0.5 | 19.00 | 75.00 | 94.00 | OK | |
r-oldrel-macos-arm64 | 0.5 | 33.00 | OK | |||
r-oldrel-macos-x86_64 | 0.5 | 40.00 | OK | |||
r-oldrel-windows-x86_64 | 0.5 | 14.00 | 77.00 | 91.00 | OK |
Version: 0.5
Check: compiled code
Result: NOTE
File ‘weightedCL/libs/weightedCL.so’:
Found no calls to: ‘R_registerRoutines’, ‘R_useDynamicSymbols’
It is good practice to register native routines and to disable symbol
search.
See ‘Writing portable packages’ in the ‘Writing R Extensions’ manual.
Flavors: r-devel-linux-x86_64-fedora-clang, r-devel-linux-x86_64-fedora-gcc