Last updated on 2023-03-26 00:51:59 CET.
Flavor | Version | Tinstall | Tcheck | Ttotal | Status | Flags |
---|---|---|---|---|---|---|
r-devel-linux-x86_64-debian-clang | 1.5 | 15.32 | 131.79 | 147.11 | NOTE | |
r-devel-linux-x86_64-debian-gcc | 1.5 | 11.57 | 96.97 | 108.54 | NOTE | |
r-devel-linux-x86_64-fedora-clang | 1.5 | 187.54 | NOTE | |||
r-devel-linux-x86_64-fedora-gcc | 1.5 | 170.22 | NOTE | |||
r-patched-linux-x86_64 | 1.5 | 12.56 | 119.73 | 132.29 | OK | |
r-release-linux-x86_64 | 1.5 | 11.35 | 121.20 | 132.55 | OK | |
r-release-macos-arm64 | 1.5 | 41.00 | OK | |||
r-release-macos-x86_64 | 1.5 | 94.00 | OK | |||
r-release-windows-x86_64 | 1.5 | 24.00 | 156.00 | 180.00 | OK | |
r-oldrel-macos-arm64 | 1.5 | 47.00 | OK | |||
r-oldrel-macos-x86_64 | 1.5 | 73.00 | OK | |||
r-oldrel-windows-ix86+x86_64 | 1.5 | 31.00 | 147.00 | 178.00 | OK |
Version: 1.5
Check: Rd \usage sections
Result: NOTE
S3 methods shown with full name in documentation object ‘QIC.gee’:
‘QIC.gee’
The \usage entries for S3 methods should use the \method markup and not
their full name.
See chapter ‘Writing R documentation files’ in the ‘Writing R
Extensions’ manual.
Flavors: r-devel-linux-x86_64-debian-clang, r-devel-linux-x86_64-debian-gcc, r-devel-linux-x86_64-fedora-clang, r-devel-linux-x86_64-fedora-gcc