CRAN Package Check Results for Package widgetframe

Last updated on 2023-10-03 01:05:08 CEST.

Flavor Version Tinstall Tcheck Ttotal Status Flags
r-devel-linux-x86_64-debian-clang 0.3.1 3.31 33.77 37.08 NOTE
r-devel-linux-x86_64-debian-gcc 0.3.1 2.63 26.93 29.56 NOTE
r-devel-linux-x86_64-fedora-clang 0.3.1 47.10 NOTE
r-devel-linux-x86_64-fedora-gcc 0.3.1 57.18 NOTE
r-devel-windows-x86_64 0.3.1 5.00 49.00 54.00 NOTE
r-patched-linux-x86_64 0.3.1 3.35 33.83 37.18 NOTE
r-release-linux-x86_64 0.3.1 3.28 33.12 36.40 NOTE
r-release-macos-arm64 0.3.1 28.00 NOTE
r-release-macos-x86_64 0.3.1 38.00 NOTE
r-release-windows-x86_64 0.3.1 8.00 52.00 60.00 NOTE
r-oldrel-macos-arm64 0.3.1 19.00 NOTE
r-oldrel-macos-x86_64 0.3.1 28.00 NOTE
r-oldrel-windows-x86_64 0.3.1 6.00 55.00 61.00 NOTE

Check Details

Version: 0.3.1
Check: LazyData
Result: NOTE
     'LazyData' is specified without a 'data' directory
Flavors: r-devel-linux-x86_64-debian-clang, r-devel-linux-x86_64-debian-gcc, r-devel-linux-x86_64-fedora-clang, r-devel-linux-x86_64-fedora-gcc, r-devel-windows-x86_64, r-patched-linux-x86_64, r-release-linux-x86_64, r-release-macos-arm64, r-release-macos-x86_64, r-release-windows-x86_64, r-oldrel-macos-arm64, r-oldrel-macos-x86_64, r-oldrel-windows-x86_64