CRAN Package Check Results for Package wikitaxa

Last updated on 2023-06-02 01:00:42 CEST.

Flavor Version Tinstall Tcheck Ttotal Status Flags
r-devel-linux-x86_64-debian-clang 0.4.0 3.33 32.36 35.69 OK
r-devel-linux-x86_64-debian-gcc 0.4.0 2.73 25.54 28.27 OK
r-devel-linux-x86_64-fedora-clang 0.4.0 45.64 NOTE
r-devel-linux-x86_64-fedora-gcc 0.4.0 56.27 OK
r-devel-windows-x86_64 0.4.0 5.00 49.00 54.00 OK
r-patched-linux-x86_64 0.4.0 OK
r-release-linux-x86_64 0.4.0 3.01 31.37 34.38 OK
r-release-macos-arm64 0.4.0 28.00 OK
r-release-macos-x86_64 0.4.0 35.00 OK
r-release-windows-x86_64 0.4.0 5.00 51.00 56.00 OK
r-oldrel-macos-arm64 0.4.0 22.00 OK
r-oldrel-macos-x86_64 0.4.0 34.00 OK
r-oldrel-windows-x86_64 0.4.0 6.00 54.00 60.00 OK

Check Details

Version: 0.4.0
Check: Rd cross-references
Result: NOTE
    Undeclared package ‘httr’ in Rd xrefs
Flavor: r-devel-linux-x86_64-fedora-clang