CRAN Package Check Results for Package windAC

Last updated on 2024-04-23 01:06:40 CEST.

Flavor Version Tinstall Tcheck Ttotal Status Flags
r-devel-linux-x86_64-debian-clang 1.2.10 5.09 62.47 67.56 NOTE
r-devel-linux-x86_64-debian-gcc 1.2.10 4.52 46.26 50.78 NOTE
r-devel-linux-x86_64-fedora-clang 1.2.10 83.95 NOTE
r-devel-linux-x86_64-fedora-gcc 1.2.10 80.72 NOTE
r-prerel-macos-arm64 1.2.10 28.00 NOTE
r-prerel-windows-x86_64 1.2.10 7.00 72.00 79.00 NOTE
r-patched-linux-x86_64 1.2.10 5.63 58.65 64.28 NOTE
r-release-linux-x86_64 1.2.10 5.84 58.92 64.76 OK
r-release-macos-arm64 1.2.10 34.00 OK
r-release-macos-x86_64 1.2.10 53.00 OK
r-release-windows-x86_64 1.2.10 9.00 78.00 87.00 OK
r-oldrel-macos-arm64 1.2.10 31.00 OK
r-oldrel-windows-x86_64 1.2.10 9.00 78.00 87.00 OK

Check Details

Version: 1.2.10
Check: Rd files
Result: NOTE checkRd: (-1) secondDerivative.Rd:14: Lost braces 14 | This must be a function of the form FUN <- function(x, ...){...} | ^ checkRd: (-1) windAC.Rd:31: Lost braces in \itemize; meant \describe ? checkRd: (-1) windAC.Rd:32: Lost braces in \itemize; meant \describe ? checkRd: (-1) windAC.Rd:33: Lost braces in \itemize; meant \describe ? Flavors: r-devel-linux-x86_64-debian-clang, r-devel-linux-x86_64-debian-gcc, r-devel-linux-x86_64-fedora-clang, r-devel-linux-x86_64-fedora-gcc, r-prerel-macos-arm64, r-prerel-windows-x86_64, r-patched-linux-x86_64