Last updated on 2023-06-02 01:00:42 CEST.
Flavor | Version | Tinstall | Tcheck | Ttotal | Status | Flags |
---|---|---|---|---|---|---|
r-devel-linux-x86_64-debian-clang | 0.2.1 | 3.50 | 32.98 | 36.48 | OK | |
r-devel-linux-x86_64-debian-gcc | 0.2.1 | 2.35 | 26.54 | 28.89 | OK | |
r-devel-linux-x86_64-fedora-clang | 0.2.1 | 46.22 | NOTE | |||
r-devel-linux-x86_64-fedora-gcc | 0.2.1 | 55.39 | NOTE | |||
r-devel-windows-x86_64 | 0.2.1 | 6.00 | 51.00 | 57.00 | OK | |
r-patched-linux-x86_64 | 0.2.1 | OK | ||||
r-release-linux-x86_64 | 0.2.1 | 3.68 | 32.52 | 36.20 | OK | |
r-release-macos-arm64 | 0.2.1 | 31.00 | OK | |||
r-release-macos-x86_64 | 0.2.1 | 39.00 | OK | |||
r-release-windows-x86_64 | 0.2.1 | 6.00 | 53.00 | 59.00 | OK | |
r-oldrel-macos-arm64 | 0.2.1 | 21.00 | NOTE | |||
r-oldrel-macos-x86_64 | 0.2.1 | 28.00 | NOTE | |||
r-oldrel-windows-x86_64 | 0.2.1 | 5.00 | 53.00 | 58.00 | OK |
Version: 0.2.1
Check: data for non-ASCII characters
Result: NOTE
Note: found 933 marked UTF-8 strings
Flavors: r-devel-linux-x86_64-fedora-clang, r-devel-linux-x86_64-fedora-gcc, r-oldrel-macos-arm64, r-oldrel-macos-x86_64