CRAN Package Check Results for Package workflowr

Last updated on 2021-10-22 00:50:45 CEST.

Flavor Version Tinstall Tcheck Ttotal Status Flags
r-devel-linux-x86_64-debian-clang 1.6.2 8.43 185.69 194.12 NOTE
r-devel-linux-x86_64-debian-gcc 1.6.2 6.71 136.75 143.46 NOTE
r-devel-linux-x86_64-fedora-clang 1.6.2 243.18 NOTE
r-devel-linux-x86_64-fedora-gcc 1.6.2 229.10 NOTE
r-devel-windows-x86_64 1.6.2 15.00 161.00 176.00 WARN
r-devel-windows-x86_64-gcc10-UCRT 1.6.2 NOTE
r-patched-linux-x86_64 1.6.2 13.66 179.97 193.63 NOTE
r-patched-solaris-x86 1.6.2 215.90 NOTE
r-release-linux-x86_64 1.6.2 7.80 180.69 188.49 NOTE
r-release-macos-arm64 1.6.2 NOTE
r-release-macos-x86_64 1.6.2 NOTE
r-release-windows-ix86+x86_64 1.6.2 14.00 186.00 200.00 NOTE
r-oldrel-macos-x86_64 1.6.2 OK
r-oldrel-windows-ix86+x86_64 1.6.2 18.00 191.00 209.00 OK

Check Details

Version: 1.6.2
Check: LazyData
Result: NOTE
     'LazyData' is specified without a 'data' directory
Flavors: r-devel-linux-x86_64-debian-clang, r-devel-linux-x86_64-debian-gcc, r-devel-linux-x86_64-fedora-clang, r-devel-linux-x86_64-fedora-gcc, r-devel-windows-x86_64, r-devel-windows-x86_64-gcc10-UCRT, r-patched-linux-x86_64, r-patched-solaris-x86, r-release-linux-x86_64, r-release-macos-arm64, r-release-macos-x86_64, r-release-windows-ix86+x86_64

Version: 1.6.2
Check: whether package can be installed
Result: WARN
    Found the following significant warnings:
     Warning: S3 methods '$.tbl_df', '$<-.tbl_df', '[.tbl_df', '[<-.tbl_df', '[[.tbl_df', '[[<-.tbl_df', 'names<-.tbl_df', 'row.names<-.tbl_df', 'as.data.frame.tbl_df', 'as_tibble.NULL', 'as_tibble.data.frame', 'as_tibble.default', 'as_tibble.list', 'as_tibble.matrix', 'as_tibble.poly', 'as_tibble.table', 'as_tibble.ts', 'format.trunc_mat', 'print.trunc_mat', 'quote_n.character', 'quote_n.default', 'str.tbl_df', 'tbl_sum.tbl_df', 'vec_ptype_abbr.tbl_df' were declared in NAMESPACE but not found
Flavor: r-devel-windows-x86_64