CRAN Package Check Results for Package wpp2017

Last updated on 2021-11-30 00:51:46 CET.

Flavor Version Tinstall Tcheck Ttotal Status Flags
r-devel-linux-x86_64-debian-clang 1.2-3 4.01 54.40 58.41 OK
r-devel-linux-x86_64-debian-gcc 1.2-3 2.98 43.05 46.03 OK
r-devel-linux-x86_64-fedora-clang 1.2-3 80.80 NOTE
r-devel-linux-x86_64-fedora-gcc 1.2-3 67.43 OK
r-devel-windows-x86_64-new-UL 1.2-3 13.00 108.00 121.00 NOTE
r-devel-windows-x86_64-new-TK 1.2-3 OK
r-devel-windows-x86_64-old 1.2-3 7.00 58.00 65.00 NOTE
r-patched-linux-x86_64 1.2-3 4.03 52.12 56.15 OK
r-patched-solaris-x86 1.2-3 102.60 NOTE
r-release-linux-x86_64 1.2-3 3.83 51.79 55.62 OK
r-release-macos-arm64 1.2-3 NOTE
r-release-macos-x86_64 1.2-3 NOTE
r-release-windows-ix86+x86_64 1.2-3 9.00 57.00 66.00 NOTE
r-oldrel-macos-x86_64 1.2-3 NOTE
r-oldrel-windows-ix86+x86_64 1.2-3 7.00 55.00 62.00 NOTE

Check Details

Version: 1.2-3
Check: installed package size
Result: NOTE
     installed size is 11.6Mb
     sub-directories of 1Mb or more:
     data 11.4Mb
Flavors: r-devel-linux-x86_64-fedora-clang, r-devel-windows-x86_64-new-UL, r-devel-windows-x86_64-old, r-patched-solaris-x86, r-release-macos-arm64, r-release-macos-x86_64, r-release-windows-ix86+x86_64, r-oldrel-macos-x86_64, r-oldrel-windows-ix86+x86_64