Last updated on 2023-09-27 23:37:50 CEST.
Flavor | Version | Tinstall | Tcheck | Ttotal | Status | Flags |
---|---|---|---|---|---|---|
r-devel-linux-x86_64-debian-clang | 1.10.1 | 20.11 | 225.80 | 245.91 | OK | |
r-devel-linux-x86_64-debian-gcc | 1.10.1 | 14.21 | 162.82 | 177.03 | OK | |
r-devel-linux-x86_64-fedora-clang | 1.10.1 | 296.75 | NOTE | |||
r-devel-linux-x86_64-fedora-gcc | 1.10.1 | 306.59 | OK | |||
r-devel-windows-x86_64 | 1.10.1 | 16.00 | 196.00 | 212.00 | NOTE | |
r-patched-linux-x86_64 | 1.10.1 | 23.83 | 218.78 | 242.61 | OK | |
r-release-linux-x86_64 | 1.10.1 | 19.03 | 214.57 | 233.60 | OK | |
r-release-macos-arm64 | 1.10.1 | 91.00 | NOTE | |||
r-release-macos-x86_64 | 1.10.1 | 214.00 | NOTE | |||
r-release-windows-x86_64 | 1.10.1 | 22.00 | 233.00 | 255.00 | NOTE | |
r-oldrel-macos-arm64 | 1.10.1 | 87.00 | NOTE | |||
r-oldrel-macos-x86_64 | 1.10.1 | 124.00 | NOTE | |||
r-oldrel-windows-x86_64 | 1.10.1 | 21.00 | 222.00 | 243.00 | NOTE |
Version: 1.10.1
Check: installed package size
Result: NOTE
installed size is 6.9Mb
sub-directories of 1Mb or more:
doc 3.5Mb
extdata 2.5Mb
Flavors: r-devel-linux-x86_64-fedora-clang, r-devel-windows-x86_64, r-release-macos-arm64, r-release-macos-x86_64, r-release-windows-x86_64, r-oldrel-macos-arm64, r-oldrel-macos-x86_64, r-oldrel-windows-x86_64
Version: 1.10.1
Check: package dependencies
Result: NOTE
Package suggested but not available for checking: ‘ROTS’
Flavors: r-release-macos-arm64, r-release-macos-x86_64, r-oldrel-macos-arm64, r-oldrel-macos-x86_64