CRAN Package Check Results for Package wrswoR

Last updated on 2024-06-21 00:57:26 CEST.

Flavor Version Tinstall Tcheck Ttotal Status Flags
r-devel-linux-x86_64-debian-clang 1.1.1 21.40 35.72 57.12 NOTE
r-devel-linux-x86_64-debian-gcc 1.1.1 14.74 27.02 41.76 NOTE
r-devel-linux-x86_64-fedora-clang 1.1.1 80.78 NOTE
r-devel-linux-x86_64-fedora-gcc 1.1.1 76.36 NOTE
r-devel-windows-x86_64 1.1.1 21.00 62.00 83.00 NOTE
r-patched-linux-x86_64 1.1.1 20.90 33.39 54.29 NOTE
r-release-linux-x86_64 1.1.1 19.00 33.88 52.88 NOTE
r-release-macos-arm64 1.1.1 24.00 NOTE
r-release-macos-x86_64 1.1.1 33.00 NOTE
r-release-windows-x86_64 1.1.1 22.00 68.00 90.00 NOTE
r-oldrel-macos-arm64 1.1.1 26.00 NOTE
r-oldrel-macos-x86_64 1.1.1 39.00 NOTE
r-oldrel-windows-x86_64 1.1.1 25.00 74.00 99.00 NOTE

Check Details

Version: 1.1.1
Check: LazyData
Result: NOTE 'LazyData' is specified without a 'data' directory Flavors: r-devel-linux-x86_64-debian-clang, r-devel-linux-x86_64-debian-gcc, r-devel-linux-x86_64-fedora-clang, r-devel-linux-x86_64-fedora-gcc, r-devel-windows-x86_64, r-patched-linux-x86_64, r-release-linux-x86_64, r-release-macos-arm64, r-release-macos-x86_64, r-release-windows-x86_64, r-oldrel-macos-arm64, r-oldrel-macos-x86_64, r-oldrel-windows-x86_64