CRAN Package Check Results for Package xaringanthemer

Last updated on 2024-06-14 00:54:05 CEST.

Flavor Version Tinstall Tcheck Ttotal Status Flags
r-devel-linux-x86_64-debian-clang 0.4.2 4.46 153.77 158.23 OK
r-devel-linux-x86_64-debian-gcc 0.4.2 0.68 1.67 2.35 ERROR
r-devel-linux-x86_64-fedora-clang 0.4.2 194.67 OK
r-devel-linux-x86_64-fedora-gcc 0.4.2 196.19 OK
r-devel-windows-x86_64 0.4.2 5.00 138.00 143.00 OK
r-patched-linux-x86_64 0.4.2 6.40 146.46 152.86 OK
r-release-linux-x86_64 0.4.2 4.37 148.74 153.11 OK
r-release-macos-arm64 0.4.2 70.00 OK
r-release-macos-x86_64 0.4.2 106.00 OK
r-release-windows-x86_64 0.4.2 5.00 139.00 144.00 OK
r-oldrel-macos-arm64 0.4.2 72.00 OK
r-oldrel-macos-x86_64 0.4.2 114.00 OK
r-oldrel-windows-x86_64 0.4.2 6.00 166.00 172.00 OK

Check Details

Version: 0.4.2
Check: package dependencies
Result: ERROR Package required but not available: ‘purrr’ Packages suggested but not available for checking: 'ggplot2', 'mockery', 'testthat' See section ‘The DESCRIPTION file’ in the ‘Writing R Extensions’ manual. Flavor: r-devel-linux-x86_64-debian-gcc