CRAN Package Check Results for Package xesreadR

Last updated on 2023-12-11 00:49:25 CET.

Flavor Version Tinstall Tcheck Ttotal Status Flags
r-devel-linux-x86_64-debian-clang 0.2.3 9.20 78.65 87.85 NOTE
r-devel-linux-x86_64-debian-gcc 0.2.3 8.52 58.17 66.69 NOTE
r-devel-linux-x86_64-fedora-clang 0.2.3 113.23 NOTE
r-devel-linux-x86_64-fedora-gcc 0.2.3 104.46 NOTE
r-devel-windows-x86_64 0.2.3 10.00 74.00 84.00 NOTE
r-patched-linux-x86_64 0.2.3 6.40 75.44 81.84 NOTE
r-release-linux-x86_64 0.2.3 9.52 73.10 82.62 NOTE
r-release-macos-arm64 0.2.3 36.00 NOTE
r-release-macos-x86_64 0.2.3 58.00 NOTE
r-release-windows-x86_64 0.2.3 12.00 83.00 95.00 NOTE
r-oldrel-macos-arm64 0.2.3 31.00 NOTE
r-oldrel-macos-x86_64 0.2.3 52.00 NOTE
r-oldrel-windows-x86_64 0.2.3 13.00 87.00 100.00 NOTE

Check Details

Version: 0.2.3
Check: LazyData
Result: NOTE 'LazyData' is specified without a 'data' directory Flavors: r-devel-linux-x86_64-debian-clang, r-devel-linux-x86_64-debian-gcc, r-devel-linux-x86_64-fedora-clang, r-devel-linux-x86_64-fedora-gcc, r-devel-windows-x86_64, r-patched-linux-x86_64, r-release-linux-x86_64, r-release-macos-arm64, r-release-macos-x86_64, r-release-windows-x86_64, r-oldrel-macos-arm64, r-oldrel-macos-x86_64, r-oldrel-windows-x86_64