CRAN Package Check Results for Package xmlparsedata

Last updated on 2023-10-04 00:58:41 CEST.

Flavor Version Tinstall Tcheck Ttotal Status Flags
r-devel-linux-x86_64-debian-clang 1.0.5 1.76 22.38 24.14 NOTE
r-devel-linux-x86_64-debian-gcc 1.0.5 1.33 17.91 19.24 NOTE
r-devel-linux-x86_64-fedora-clang 1.0.5 30.76 NOTE
r-devel-linux-x86_64-fedora-gcc 1.0.5 30.91 NOTE
r-devel-windows-x86_64 1.0.5 3.00 41.00 44.00 NOTE
r-patched-linux-x86_64 1.0.5 2.18 21.81 23.99 NOTE
r-release-linux-x86_64 1.0.5 1.60 22.40 24.00 NOTE
r-release-macos-arm64 1.0.5 20.00 NOTE
r-release-macos-x86_64 1.0.5 19.00 NOTE
r-release-windows-x86_64 1.0.5 5.00 41.00 46.00 NOTE
r-oldrel-macos-arm64 1.0.5 16.00 NOTE
r-oldrel-macos-x86_64 1.0.5 22.00 NOTE
r-oldrel-windows-x86_64 1.0.5 4.00 43.00 47.00 NOTE

Check Details

Version: 1.0.5
Check: LazyData
Result: NOTE
     'LazyData' is specified without a 'data' directory
Flavors: r-devel-linux-x86_64-debian-clang, r-devel-linux-x86_64-debian-gcc, r-devel-linux-x86_64-fedora-clang, r-devel-linux-x86_64-fedora-gcc, r-devel-windows-x86_64, r-patched-linux-x86_64, r-release-linux-x86_64, r-release-macos-arm64, r-release-macos-x86_64, r-release-windows-x86_64, r-oldrel-macos-arm64, r-oldrel-macos-x86_64, r-oldrel-windows-x86_64