CRAN Package Check Results for Package xopen

Last updated on 2023-09-26 01:06:39 CEST.

Flavor Version Tinstall Tcheck Ttotal Status Flags
r-devel-linux-x86_64-debian-clang 1.0.0 1.49 22.93 24.42 NOTE
r-devel-linux-x86_64-debian-gcc 1.0.0 1.58 18.33 19.91 NOTE
r-devel-linux-x86_64-fedora-clang 1.0.0 30.76 NOTE
r-devel-linux-x86_64-fedora-gcc 1.0.0 29.58 NOTE
r-devel-windows-x86_64 1.0.0 3.00 42.00 45.00 NOTE
r-patched-linux-x86_64 1.0.0 2.17 22.15 24.32 NOTE
r-release-linux-x86_64 1.0.0 2.02 22.54 24.56 NOTE
r-release-macos-arm64 1.0.0 16.00 NOTE
r-release-macos-x86_64 1.0.0 21.00 NOTE
r-release-windows-x86_64 1.0.0 4.00 40.00 44.00 NOTE
r-oldrel-macos-arm64 1.0.0 17.00 NOTE
r-oldrel-macos-x86_64 1.0.0 21.00 NOTE
r-oldrel-windows-x86_64 1.0.0 5.00 46.00 51.00 NOTE

Check Details

Version: 1.0.0
Check: LazyData
Result: NOTE
     'LazyData' is specified without a 'data' directory
Flavors: r-devel-linux-x86_64-debian-clang, r-devel-linux-x86_64-debian-gcc, r-devel-linux-x86_64-fedora-clang, r-devel-linux-x86_64-fedora-gcc, r-devel-windows-x86_64, r-patched-linux-x86_64, r-release-linux-x86_64, r-release-macos-arm64, r-release-macos-x86_64, r-release-windows-x86_64, r-oldrel-macos-arm64, r-oldrel-macos-x86_64, r-oldrel-windows-x86_64