CRAN Package Check Results for Package xpose.nlmixr2

Last updated on 2023-05-30 01:00:01 CEST.

Flavor Version Tinstall Tcheck Ttotal Status Flags
r-devel-linux-x86_64-debian-clang 0.4.0 11.56 85.49 97.05 OK
r-devel-linux-x86_64-debian-gcc 0.4.0 8.29 64.20 72.49 OK
r-devel-linux-x86_64-fedora-clang 0.4.0 118.04 OK
r-devel-linux-x86_64-fedora-gcc 0.4.0 111.83 OK
r-devel-windows-x86_64 0.4.0 11.00 79.00 90.00 OK
r-patched-linux-x86_64 0.4.0 10.08 80.35 90.43 OK
r-release-linux-x86_64 0.4.0 6.77 80.26 87.03 OK
r-release-macos-arm64 0.4.0 39.00 OK
r-release-macos-x86_64 0.4.0 62.00 NOTE
r-release-windows-x86_64 0.4.0 15.00 95.00 110.00 OK
r-oldrel-macos-arm64 0.4.0 39.00 OK
r-oldrel-macos-x86_64 0.4.0 50.00 OK
r-oldrel-windows-x86_64 0.4.0 14.00 101.00 115.00 OK

Check Details

Version: 0.4.0
Check: package dependencies
Result: NOTE
    Package suggested but not available for checking: ‘nlmixr2’
Flavor: r-release-macos-x86_64