CRAN Package Check Results for Package yesno

Last updated on 2023-12-11 00:49:25 CET.

Flavor Version Tinstall Tcheck Ttotal Status Flags
r-devel-linux-x86_64-debian-clang 0.1.2 1.71 22.80 24.51 NOTE
r-devel-linux-x86_64-debian-gcc 0.1.2 1.38 18.14 19.52 NOTE
r-devel-linux-x86_64-fedora-clang 0.1.2 31.73 NOTE
r-devel-linux-x86_64-fedora-gcc 0.1.2 29.37 NOTE
r-devel-windows-x86_64 0.1.2 3.00 46.00 49.00 NOTE
r-patched-linux-x86_64 0.1.2 2.01 22.56 24.57 NOTE
r-release-linux-x86_64 0.1.2 1.99 22.66 24.65 NOTE
r-release-macos-arm64 0.1.2 17.00 NOTE
r-release-macos-x86_64 0.1.2 21.00 NOTE
r-release-windows-x86_64 0.1.2 3.00 44.00 47.00 NOTE
r-oldrel-macos-arm64 0.1.2 18.00 NOTE
r-oldrel-macos-x86_64 0.1.2 23.00 NOTE
r-oldrel-windows-x86_64 0.1.2 3.00 47.00 50.00 NOTE

Check Details

Version: 0.1.2
Check: LazyData
Result: NOTE 'LazyData' is specified without a 'data' directory Flavors: r-devel-linux-x86_64-debian-clang, r-devel-linux-x86_64-debian-gcc, r-devel-linux-x86_64-fedora-clang, r-devel-linux-x86_64-fedora-gcc, r-devel-windows-x86_64, r-patched-linux-x86_64, r-release-linux-x86_64, r-release-macos-arm64, r-release-macos-x86_64, r-release-windows-x86_64, r-oldrel-macos-arm64, r-oldrel-macos-x86_64, r-oldrel-windows-x86_64