CRAN Package Check Results for Package zipangu

Last updated on 2024-06-22 00:58:12 CEST.

Flavor Version Tinstall Tcheck Ttotal Status Flags
r-devel-linux-x86_64-debian-clang 0.3.2 5.21 53.10 58.31 NOTE
r-devel-linux-x86_64-debian-gcc 0.3.2 3.83 39.96 43.79 NOTE
r-devel-linux-x86_64-fedora-clang 0.3.2 71.14 NOTE
r-devel-linux-x86_64-fedora-gcc 0.3.2 68.16 NOTE
r-devel-windows-x86_64 0.3.2 7.00 63.00 70.00 NOTE
r-patched-linux-x86_64 0.3.2 5.11 50.65 55.76 NOTE
r-release-linux-x86_64 0.3.2 3.78 51.94 55.72 NOTE
r-release-macos-arm64 0.3.2 25.00 NOTE
r-release-macos-x86_64 0.3.2 38.00 NOTE
r-release-windows-x86_64 0.3.2 6.00 69.00 75.00 NOTE
r-oldrel-macos-arm64 0.3.2 26.00 OK
r-oldrel-macos-x86_64 0.3.2 38.00 OK
r-oldrel-windows-x86_64 0.3.2 7.00 73.00 80.00 OK

Check Details

Version: 0.3.2
Check: Rd files
Result: NOTE checkRd: (-1) label_kansuji.Rd:48: Lost braces; missing escapes or markup? 48 | but if TRUE and installed '{scales}` package, 1.10 will be displayed.} | ^ Flavors: r-devel-linux-x86_64-debian-clang, r-devel-linux-x86_64-debian-gcc, r-devel-linux-x86_64-fedora-clang, r-devel-linux-x86_64-fedora-gcc, r-devel-windows-x86_64, r-patched-linux-x86_64, r-release-linux-x86_64, r-release-macos-arm64, r-release-macos-x86_64, r-release-windows-x86_64

Version: 0.3.2
Check: HTML version of manual
Result: NOTE Found the following HTML validation problems: kana.html:65:1 (kana.Rd:33): Warning: trimming empty <dt> Flavors: r-devel-linux-x86_64-debian-clang, r-devel-linux-x86_64-debian-gcc, r-devel-linux-x86_64-fedora-clang, r-devel-linux-x86_64-fedora-gcc, r-devel-windows-x86_64, r-patched-linux-x86_64, r-release-linux-x86_64, r-release-windows-x86_64

Version: 0.3.2
Check: data for non-ASCII characters
Result: NOTE Note: found 47 marked UTF-8 strings Flavors: r-devel-linux-x86_64-fedora-clang, r-devel-linux-x86_64-fedora-gcc