Last updated on 2023-02-03 00:51:19 CET.
Flavor | Version | Tinstall | Tcheck | Ttotal | Status | Flags |
---|---|---|---|---|---|---|
r-devel-linux-x86_64-debian-clang | 1.1.0 | 135.11 | 140.95 | 276.06 | NOTE | |
r-devel-linux-x86_64-debian-gcc | 1.1.0 | 121.85 | 113.07 | 234.92 | NOTE | |
r-devel-linux-x86_64-fedora-clang | 1.1.0 | 290.59 | NOTE | |||
r-devel-linux-x86_64-fedora-gcc | 1.1.0 | 355.69 | NOTE | |||
r-patched-linux-x86_64 | 1.1.0 | 125.14 | 137.41 | 262.55 | NOTE | |
r-release-linux-x86_64 | 1.1.0 | 121.52 | 128.63 | 250.15 | NOTE | |
r-release-macos-arm64 | 1.1.0 | 103.00 | NOTE | |||
r-release-macos-x86_64 | 1.1.0 | 189.00 | NOTE | |||
r-release-windows-x86_64 | 1.1.0 | 109.00 | 261.00 | 370.00 | NOTE | |
r-oldrel-macos-arm64 | 1.1.0 | 106.00 | NOTE | |||
r-oldrel-macos-x86_64 | 1.1.0 | 148.00 | NOTE | |||
r-oldrel-windows-ix86+x86_64 | 1.1.0 | 71.00 | 18.00 | 89.00 | ERROR |
Version: 1.1.0
Check: C++ specification
Result: NOTE
Specified C++14: please update to current default of C++17
Flavors: r-devel-linux-x86_64-debian-clang, r-devel-linux-x86_64-debian-gcc, r-devel-linux-x86_64-fedora-clang, r-devel-linux-x86_64-fedora-gcc
Version: 1.1.0
Check: for GNU extensions in Makefiles
Result: NOTE
GNU make is a SystemRequirements.
Flavors: r-devel-linux-x86_64-debian-clang, r-devel-linux-x86_64-debian-gcc, r-devel-linux-x86_64-fedora-clang, r-devel-linux-x86_64-fedora-gcc, r-patched-linux-x86_64, r-release-linux-x86_64, r-release-macos-arm64, r-release-macos-x86_64, r-release-windows-x86_64, r-oldrel-macos-arm64, r-oldrel-macos-x86_64
Version: 1.1.0
Check: dependencies in R code
Result: NOTE
Namespaces in Imports field not imported from:
‘RcppParallel’ ‘rstantools’
All declared Imports should be used.
Flavors: r-devel-linux-x86_64-fedora-clang, r-devel-linux-x86_64-fedora-gcc, r-release-macos-arm64, r-release-macos-x86_64, r-oldrel-macos-arm64, r-oldrel-macos-x86_64
Version: 1.1.0
Check: Rd cross-references
Result: NOTE
Undeclared package ‘loo’ in Rd xrefs
Flavor: r-devel-linux-x86_64-fedora-clang
Version: 1.1.0
Check: installed package size
Result: NOTE
installed size is 35.8Mb
sub-directories of 1Mb or more:
libs 35.3Mb
Flavors: r-release-macos-arm64, r-release-macos-x86_64, r-oldrel-macos-arm64, r-oldrel-macos-x86_64
Version: 1.1.0
Check: whether package can be installed
Result: ERROR
Installation failed.
Flavor: r-oldrel-windows-ix86+x86_64