CRAN Package Check Results for Package zoltr

Last updated on 2021-09-17 00:49:55 CEST.

Flavor Version Tinstall Tcheck Ttotal Status Flags
r-devel-linux-x86_64-debian-clang 0.5.1 5.16 47.30 52.46 NOTE
r-devel-linux-x86_64-debian-gcc 0.5.1 3.83 37.65 41.48 NOTE
r-devel-linux-x86_64-fedora-clang 0.5.1 73.47 NOTE
r-devel-linux-x86_64-fedora-gcc 0.5.1 78.41 NOTE
r-devel-windows-x86_64 0.5.1 6.00 74.00 80.00 NOTE
r-devel-windows-x86_64-gcc10-UCRT 0.5.1 NOTE
r-patched-linux-x86_64 0.5.1 5.58 46.51 52.09 NOTE
r-patched-solaris-x86 0.5.1 90.60 NOTE
r-release-linux-x86_64 0.5.1 4.64 45.63 50.27 NOTE
r-release-macos-arm64 0.5.1 NOTE
r-release-macos-x86_64 0.5.1 NOTE
r-release-windows-ix86+x86_64 0.5.1 12.00 56.00 68.00 NOTE
r-oldrel-macos-x86_64 0.5.1 OK
r-oldrel-windows-ix86+x86_64 0.5.1 9.00 65.00 74.00 OK

Check Details

Version: 0.5.1
Check: LazyData
Result: NOTE
     'LazyData' is specified without a 'data' directory
Flavors: r-devel-linux-x86_64-debian-clang, r-devel-linux-x86_64-debian-gcc, r-devel-linux-x86_64-fedora-clang, r-devel-linux-x86_64-fedora-gcc, r-devel-windows-x86_64, r-devel-windows-x86_64-gcc10-UCRT, r-patched-linux-x86_64, r-patched-solaris-x86, r-release-linux-x86_64, r-release-macos-arm64, r-release-macos-x86_64, r-release-windows-ix86+x86_64