Last updated on 2023-09-27 23:37:50 CEST.
Flavor | Version | Tinstall | Tcheck | Ttotal | Status | Flags |
---|---|---|---|---|---|---|
r-devel-linux-x86_64-debian-clang | 0.5.1 | 5.90 | 58.12 | 64.02 | NOTE | |
r-devel-linux-x86_64-debian-gcc | 0.5.1 | 4.21 | 44.67 | 48.88 | NOTE | |
r-devel-linux-x86_64-fedora-clang | 0.5.1 | 86.48 | NOTE | |||
r-devel-linux-x86_64-fedora-gcc | 0.5.1 | 114.20 | NOTE | |||
r-devel-windows-x86_64 | 0.5.1 | 8.00 | 75.00 | 83.00 | NOTE | |
r-patched-linux-x86_64 | 0.5.1 | 4.44 | 55.74 | 60.18 | NOTE | |
r-release-linux-x86_64 | 0.5.1 | 3.92 | 55.73 | 59.65 | NOTE | |
r-release-macos-arm64 | 0.5.1 | 44.00 | NOTE | |||
r-release-macos-x86_64 | 0.5.1 | 74.00 | NOTE | |||
r-release-windows-x86_64 | 0.5.1 | 9.00 | 80.00 | 89.00 | NOTE | |
r-oldrel-macos-arm64 | 0.5.1 | 41.00 | NOTE | |||
r-oldrel-macos-x86_64 | 0.5.1 | 56.00 | NOTE | |||
r-oldrel-windows-x86_64 | 0.5.1 | 10.00 | 77.00 | 87.00 | NOTE |
Version: 0.5.1
Check: LazyData
Result: NOTE
'LazyData' is specified without a 'data' directory
Flavors: r-devel-linux-x86_64-debian-clang, r-devel-linux-x86_64-debian-gcc, r-devel-linux-x86_64-fedora-clang, r-devel-linux-x86_64-fedora-gcc, r-devel-windows-x86_64, r-patched-linux-x86_64, r-release-linux-x86_64, r-release-macos-arm64, r-release-macos-x86_64, r-release-windows-x86_64, r-oldrel-macos-arm64, r-oldrel-macos-x86_64, r-oldrel-windows-x86_64